{"id":144,"date":"2024-08-13T21:11:35","date_gmt":"2024-08-13T19:11:35","guid":{"rendered":"http:\/\/silviaabalos.com\/?page_id=144"},"modified":"2024-08-14T06:56:00","modified_gmt":"2024-08-14T04:56:00","slug":"bio","status":"publish","type":"page","link":"http:\/\/silviaabalos.com\/index.php\/bio\/","title":{"rendered":"BIO"},"content":{"rendered":"\n<div class=\"wp-block-cover alignfull\"><span aria-hidden=\"true\" class=\"wp-block-cover__background has-background-dim\"><\/span><img loading=\"lazy\" decoding=\"async\" width=\"809\" height=\"768\" class=\"wp-block-cover__image-background wp-image-88\" alt=\"\" src=\"http:\/\/silviaabalos.com\/wp-content\/uploads\/2024\/08\/S_A_LANDING_EN-2.png\" data-object-fit=\"cover\" srcset=\"http:\/\/silviaabalos.com\/wp-content\/uploads\/2024\/08\/S_A_LANDING_EN-2.png 809w, http:\/\/silviaabalos.com\/wp-content\/uploads\/2024\/08\/S_A_LANDING_EN-2-300x285.png 300w, http:\/\/silviaabalos.com\/wp-content\/uploads\/2024\/08\/S_A_LANDING_EN-2-768x729.png 768w\" sizes=\"auto, (max-width: 809px) 100vw, 809px\" \/><div class=\"wp-block-cover__inner-container is-layout-flow wp-block-cover-is-layout-flow\">\n<p class=\"has-text-align-center has-secondary-color has-text-color has-background has-link-color has-large-font-size wp-elements-72a742d038f0ba174eac5852061f2a5e\" style=\"background-color:#fff8ed\">It was June 24, 1980; &#8220;Day of Saint John&#8221;; that for the first time the public heard Silvia&#8217;s voice singing Pirecuas, Romances, Corridos, Arrullos en Huichol, Boleros and Canciones. It was in the Agora of the Ex Convent of C\u00e1rmen; in Guadalajara, Jalisco, Mexico.<\/p>\n\n\n\n<p class=\"has-secondary-color has-text-color has-background has-link-color wp-elements-c14a8f9a824e2b50c4996352558f190d\" style=\"background-color:#fff8ed\">Since its beginnings, Silvia has been an interpreter of Mexican music sung in Spanish and in indigenous languages: Purepecha, Huichol and Zapotec. She sings both popular and folk music.<\/p>\n\n\n\n<p class=\"has-secondary-color has-text-color has-background has-link-color wp-elements-bdf6665e8daa6c27e823a1645f0249a3\" style=\"background-color:#fff8ed\">It has been fundamental for her to present the work of Mexican singer-songwriters such as: Pancho Madrigal, Luis Manuel Mercado, Rafa\u00e9l Mendoza, David Haro, Marcial Alejandro and Memo Brise\u00f1o. Without ceasing to resort to the poetics of Agust\u00edn Lara, \u00c1lvaro Carrillo, Jos\u00e9 Alfredo Jim\u00e9nez, Chamaco Dom\u00ednguez, Tomas M\u00e9ndez, Joaqu\u00edn Pardav\u00e9, Consuelito Vel\u00e1zquez, Tomas M\u00e9ndez, Guty C\u00e1rdenas, Don Gabriel Luna de la Fuente, Armando Manzanero, Cuco S\u00e1nchez and many others who have written the musical history of Mexico and Latin America.<\/p>\n\n\n\n<p class=\"has-secondary-color has-text-color has-background has-link-color wp-elements-805ec2f12de178a14e7a4e8a1acba18b\" style=\"background-color:#fff8ed\">Silvia has the collaboration of musicians from different musical horizons and different countries such as: Uruguay, Cuba, Venezuela, Spain, Brazil, France, Africa, Argentina, Martinique, Belgium and Mexico. This multiculturalism has given her music a unique color, since in its original proposal, it mixes Afro-Mexican roots with indigenous and Spanish roots that, combined with jazz or more current rhythms, achieve a totally contemporary, universal and at the same time fusion. same time \u201cAuthentically Mexican\u201d&#8230;<\/p>\n\n\n\n<p class=\"has-secondary-color has-text-color has-background has-link-color wp-elements-17604b03f9a765f367b619bdbbb26675\" style=\"background-color:#fff8ed\">In 2004 she presented her 1st Album \u201cCU\u00c1NTO DEL OTRO HAY EN M\u00cd\u201d, in this CD includes songs by Rafa\u00e9l Mendoza, David Haro, Agust\u00edn Lara, Alvaro Carrillo, some others from the public domain and 2 songs by Jos\u00e9 Luis Montiel. Her 2nd album, \u201cQUEDA EL CORAZ\u00d3N\u201d was presented on March 7, 2008 at the Moliere Theater in Brussels, Belgium. In 2010 she presented her 3rd album \u201cRAICES\u201d where she recorded the first songs that she sang at the beginning of her career (when she was 14 years old), and with which she celebrated 30 years as a singer. In 2012 she presented a 4th Album \u201cIMAGINAR\u201d, together with Cantango (a women&#8217;s project), \u00e1lbum in which she recorded 8 songs of tango, valses and milongas, written and arranged by herself.<\/p>\n\n\n\n<p class=\"has-secondary-color has-text-color has-background has-link-color wp-elements-8379f555ccb563f292596f0a36d26341\" style=\"background-color:#fff8ed\">Actually (2024) she is recording her 5th album \u201cAQU\u00cd ME VES\u201d, to celebrate 45 years as a singer!<\/p>\n\n\n\n<p class=\"has-secondary-color has-text-color has-background has-link-color wp-elements-58899b64c4112ceb8c18dfd052cfa3bf\" style=\"background-color:#fff8ed\">Until today, Abalos is produced in the festivals in Mexico, in France, in Portugal, in Belgium, in Italy, in Spain, in Croatia, in Thailand, in Pays-Bas, in Roumanie, in Singapore and in Argentina.<\/p>\n\n\n\n<p class=\"has-text-align-center has-secondary-color has-text-color has-background has-link-color has-large-font-size wp-elements-e708bd9fe4b4e5bb24ece6ac0f39dd6e\" style=\"background-color:#fff8ed\"><strong>Bathed in a burning desire for peace and universal love, Silvia chooses and sings each of her songs with surprising audacity and great sensitivity in her words. Accompanied by five extraordinary musicians and three dancers, this great figure on the international scene, possessed of a strong personality and a charming voice, proposes to us through her music that: \u201cit is possible to live everyday life in harmony and tolerance.\u201d<\/strong><strong>&nbsp; <\/strong><strong>&#8211; \u201cESPERANZAH FESTIVAL\u201d<\/strong><\/p>\n<\/div><\/div>\n","protected":false},"excerpt":{"rendered":"","protected":false},"author":2,"featured_media":0,"parent":0,"menu_order":0,"comment_status":"closed","ping_status":"closed","template":"","meta":{"footnotes":""},"class_list":["post-144","page","type-page","status-publish","hentry"],"_links":{"self":[{"href":"http:\/\/silviaabalos.com\/index.php\/wp-json\/wp\/v2\/pages\/144","targetHints":{"allow":["GET"]}}],"collection":[{"href":"http:\/\/silviaabalos.com\/index.php\/wp-json\/wp\/v2\/pages"}],"about":[{"href":"http:\/\/silviaabalos.com\/index.php\/wp-json\/wp\/v2\/types\/page"}],"author":[{"embeddable":true,"href":"http:\/\/silviaabalos.com\/index.php\/wp-json\/wp\/v2\/users\/2"}],"replies":[{"embeddable":true,"href":"http:\/\/silviaabalos.com\/index.php\/wp-json\/wp\/v2\/comments?post=144"}],"version-history":[{"count":2,"href":"http:\/\/silviaabalos.com\/index.php\/wp-json\/wp\/v2\/pages\/144\/revisions"}],"predecessor-version":[{"id":225,"href":"http:\/\/silviaabalos.com\/index.php\/wp-json\/wp\/v2\/pages\/144\/revisions\/225"}],"wp:attachment":[{"href":"http:\/\/silviaabalos.com\/index.php\/wp-json\/wp\/v2\/media?parent=144"}],"curies":[{"name":"wp","href":"https:\/\/api.w.org\/{rel}","templated":true}]}}